s -22043332 (base 6) in base 12?
-279548
What is 530ea (base 15) in base 7?
2145064
Convert 120551243 (base 6) to base 8.
10557153
-2acc3 (base 16) to base 10
-175299
34060010 (base 9) to base 2
111110111111101111111110
What is -3564401 (base 7) in base 9?
-760305
-342232331 (base 5) to base 8
-5640573
100000121002002 (base 3) to base 7
55516454
Convert 30314103 (base 5) to base 8.
736247
What is 103213202 (base 4) in base 10?
80354
816330 (base 9) to base 15
9844c
Convert -126515 (base 7) to base 16.
-5d74
What is 3e5e7 (base 16) in base 11?
164a2a
What is 33233106 (base 8) in base 9?
14417885
What is 2233302322 (base 4) in base 8?
2576272
What is 1544a9 (base 11) in base 9?
405420
-e441e8 (base 15) to base 11
-613a03a
Convert 230320101101 (base 4) to base 13.
258bc3c
Convert 32022543 (base 6) to base 13.
26a270
36035 (base 16) to base 10
221237
Convert 156409 (base 10) to base 4.
212023321
Convert 58d362 (base 14) to base 5.
1234022134
What is -3550028 (base 9) in base 5?
-443004044
5b5129 (base 13) to base 6
114433013
Convert 272363 (base 9) to base 13.
5a5c7
-109201 (base 10) to base 5
-11443301
362673 (base 8) to base 15
26c9c
Convert 4552629 (base 10) to base 16.
4577b5
Convert a51aa1 (base 11) to base 2.
110011011101101011111
What is -1210001220 (base 3) in base 9?
-53056
870500 (base 9) to base 15
a3a69
-7a379 (base 12) to base 3
-22021112110
3424253 (base 7) to base 2
1101000000111110101
Convert -35450302 (base 6) to base 7.
-12304301
Convert -1001011110011010111 (base 2) to base 11.
-1a2301
14201646 (base 8) to base 7
36206003
Convert 46700a (base 16) to base 15.
612b6c
-143411101 (base 5) to base 14
-15c23a
61b65 (base 16) to base 9
670008
What is -1200212111211 (base 3) in base 4?
-3130123123
Convert 8a0667 (base 14) to base 3.
22211011202100
-2756483 (base 10) to base 7
-32300252
-28a65 (base 15) to base 2
-11111111000100011
Convert 4053d6 (base 15) to base 6.
145252403
What is 11000011211 (base 3) in base 15?
18577
20020331 (base 5) to base 8
463627
Convert -202088 (base 10) to base 14.
-5390c
15614687 (base 10) to base 9
32338282
-1024433130 (base 5) to base 4
-20111312221
Convert 54044052 (base 6) to base 10.
1592384
Convert 136627 (base 10) to base 15.
2a737
What is -151016 (base 9) in base 6?
-1552410
Convert 753321 (base 8) to base 15.
4e836
Convert 25156624 (base 7) to base 6.
120325041
What is -10d53 (base 14) in base 12?
-1b8b9
-23033314 (base 6) to base 5
-140020434
What is 22122021202102 (base 3) in base 11?
2656978
Convert 340402411 (base 5) to base 2.
101101101100010001111
What is 4543171 (base 10) in base 12?
1631197
-10a307 (base 13) to base 4
-1200020301
-123023120122 (base 4) to base 7
-114362104
20201043 (base 5) to base 15
332d3
Convert 747470 (base 8) to base 15.
4de8b
-4713163 (base 8) to base 10
-1283699
Convert -2011201111 (base 3) to base 16.
-a738
-41040410 (base 5) to base 14
-88758
-2202001102 (base 3) to base 6
-1053532
What is 644552 (base 8) in base 3?
101221110212
4113003304 (base 5) to base 14
116b2a7
357c (base 14) to base 11
7005
-31185 (base 14) to base 15
-250c0
What is 26732 (base 14) in base 16?
171f8
4445145 (base 6) to base 14
5b921
What is -358599 (base 14) in base 10?
-1828619
31611432 (base 8) to base 13
15268cc
What is 398a69 (base 13) in base 12?
570689
Convert -3790ba (base 15) to base 7.
-31430665
403125 (base 7) to base 5
4141300
-96915b (base 12) to base 5
-1102122141
What is -1223224400 (base 5) in base 7?
-34015520
-154506 (base 9) to base 11
-65569
Convert -1c06e (base 15) to base 11.
-625a6
Convert -10156125 (base 7) to base 10.
-854481
-310211310 (base 4) to base 8
-644564
Convert 1287b1b (base 13) to base 11.
3312006
2380284 (base 9) to base 14
259199
What is 2001033120 (base 5) in base 10?
3924160
What is -20072 (base 14) in base 13?
-2902b
What is -242b8a (base 12) in base 8?
-2170032
What is 4b16b13 (base 12) in base 3?
1000200112112020
1106624 (base 7) to base 2
100001011001111010
Convert -2231354 (base 6) to base 15.
-237aa
Convert 2100231230 (base 4) to base 12.
247038
Convert -1120223112 (base 4) to base 9.
-613220
-225135 (base 6) to base 16
-4b53
3203233312 (base 4) to base 12
38ba1a
Convert 241545 (base 9) to base 8.
434155
Convert 313452354 (base 6) to base 12.
1a110ba
Convert 214a78 (base 11) to base 14.
8d1bc
Convert -56a36 (base 11) to base 12.
-3b860
What is -2222030 (base 5) in base 6?
-500343
What is 1d2596 (base 14) in base 6?
34212320
Convert -158a81 (base 12) to base 11.
-231430
What is 331221202 (base 4) in base 6?
5225014
Convert 35a1b2 (base 15) to base 14.
4aaca4
2162648 (base 10) to base 15
2cabb8
What is -42543312 (base 6) in base 12?
-507b38
-59667 (base 14) to base 15
-44913
What is b03206 (base 12) in base 8?
12354546
What is -3155130 (base 7) in base 5?
-44233134
What is 130001010032 (base 4) in base 5?
3340010043
What is 122110341 (base 6) in base 4?
20323301311
Convert -30892c (base 14) to base 12.
-66b578
What is 3275857 (base 9) in base 16?
1ae585
What is 75346 (base 8) in base 15?
94c7
What is -15888 (base 16) in base 15?
-1b200
-5e4b7c (base 15) to base 11
-2609262
Convert -226541 (base 8) to base 15.
-17cd8
Convert -358b9 (base 12) to base 5.
-4302031
-150a5b (base 13) to base 8
-1757430
13311220 (base 6) to base 10
444828
13201325 (base 6) to base 8
1523125
-65301462 (base 7) to base 8
-25223333
-13964b (base 14) to base 3
-1021111102120
-263160 (base 7) to base 16
-bff4
Convert 3311733 (base 8) to base 15.
1289b4
Convert -132033313 (base 4) to base 16.
-1e3f7
3341242 (base 5) to base 2
1110011001000011
Convert -5204244 (base 6) to base 9.
-420581
Convert -11101100101010000 (base 2) to base 13.
-431c8
-11130020001 (base 4) to base 8
-5341001
What is -9459c8 (base 13) in base 7?
-41324252
Convert -210201334 (base 5) to base 10.
-865844
What is 12054424 (base 6) in base 13?
1043c8
Convert -2112444 (base 6) to base 16.
-1924c
What is -103345433 (base 6) in base 10?
-1849341
2322422 (base 8) to base 16
9a512
Convert -1113051 (base 6) to base 4.
-31301113
What is 4206488 (base 11) in base 8?
34226120
Convert -166506 (base 8) to base 9.
-102281
2066b6 (base 15) to base 10
1540521
-122021221211120 (base 3) to base 7
-141060150
What is 281a32 (base 14) in base 7?
14536562
What is 6663244 (base 7) in base 10?
822301
Convert -4c0a2b (base 13) to base 6.
-103114303
aa8edb (base 15) to base 7
126051443
What is -257307 (base 9) in base 4?
-212021200
What is ac72 (base 13) in base 12?
11b37
What is -452254150 (base 6) in base 9?
-16440443
-4683b1 (base 13) to base 8
-6307015
What is 13720630 (base 8) in base 16?
2fa198
Convert -1a56302 (base 11) to base 14.
-66237d
Convert 80251 (base 11) to base 10.
117426
Convert 8647b (base 16) to base 4.
2012101323
What is 5146156 (base 8) in base 15?
1bdd04
What is -21a722 (base 12) in base 15?
-a905e
Convert -3986327 (base 10) to base 5.
-2010030302
-a5338 (base 12) to base 5
-23411401
Convert -35a38 (base 13) to base 4.
-120001211
Convert -5be6 (base 15) to base 13.
-8ba1
-21b77 (base 15) to base 10
-107212
20110002222 (base 3) to base 13
45a07
What is 104b06 (base 13) in base 15?
78281
Convert 111000111100010101100 (base 2) to base 9.
3453472
-11661c (base 15) to base 7
-10032366
What is -3598a (base 14) in base 5?
-13141404
Convert 7525 (base 14) to base 11.
14213
What is 10b3bd (base 14) in base 12?
23518b
Convert 1605557 (base 8) to base 15.
91bd9
What is -1085477 (base 11) in base 9?
-3508628
What is 44135025 (base 6) in base 14?
264a37
536743 (base 11) to base 7
10202425
-8cd0ab (base 14) to base 11
-2788958
28367 (base 13) to base 11
51626
What is -1112243 (base 5) in base 13?
-8c73
Convert 6980 (base 11) to base 13.
422b
Convert 33311134 (base 8) to base 14.
d4cd2c
What is 1174238 (base 9) in base 14?
1290ca
2334231 (base 5) to base 2
1010100000111010
-64ba0 (base 12) to base 6
-2503520
-7576aa (base 12) to base 13
-500c7a
-151412632 (base 7) to base 10
-10070797
Convert -1736359 (base 11) to base 6.
-143131114
-1106 (base 10) to base 9
-1458
55001242 (base 6) to base 3
10001222102122
39630a (base 11) to base 4
2120022301
100000011001010101 (base 2) to base 15
294b3
What is -298573 (base 10) in base 2?
-1001000111001001101
What is 114431305 (base 6) in base 8?
10244571
What is -695414 (base 11) in ba